10001
In base 15, what is -1 - ae0?
-ae1
In base 9, what is -75 + -34?
-120
In base 6, what is 25 - -100?
125
In base 13, what is -5157 - 4?
-515b
In base 7, what is -4165 - -5?
-4160
In base 12, what is -b + 0?
-b
In base 2, what is 100 + -1110111?
-1110011
In base 16, what is 482 + f?
491
In base 14, what is 18c - -3a?
1c8
In base 12, what is -5 + -1290?
-1295
In base 16, what is 512 - -3?
515
In base 16, what is -71 - 1?
-72
In base 3, what is 210000 - -1?
210001
In base 8, what is 1614 - 2?
1612
In base 15, what is 4e + 0?
4e
In base 12, what is -155 - 4?
-159
In base 7, what is -5462 - -5?
-5454
In base 7, what is 5 - 1644?
-1636
In base 5, what is 31321 + 10?
31331
In base 5, what is -1310 - 2?
-1312
In base 3, what is -2201 - -100?
-2101
In base 16, what is b1e + 0?
b1e
In base 13, what is -136c - 0?
-136c
In base 8, what is 1 - 22?
-21
In base 4, what is -3 - 30131?
-30200
In base 13, what is 41 + -71?
-30
In base 4, what is 10 - -21020?
21030
In base 15, what is 3 + 1a?
1d
In base 10, what is 4 - 1210?
-1206
In base 4, what is -1133021 + -2?
-1133023
In base 5, what is -30 - -33?
3
In base 4, what is 10 + 100?
110
In base 15, what is -b - 39?
-45
In base 9, what is -4 - 2563?
-2567
In base 16, what is -1 - a?
-b
In base 11, what is -49 - 5?
-53
In base 4, what is 12203 - -20?
12223
In base 3, what is -11012 - -10?
-11002
In base 12, what is -b + -3?
-12
In base 9, what is -12772 - 1?
-12773
In base 3, what is 2211 + 10022?
20010
In base 4, what is 22 - -30?
112
In base 10, what is 191 - -7?
198
In base 11, what is 129 + -4?
125
In base 8, what is -24 - 3?
-27
In base 10, what is 8 + 16?
24
In base 10, what is 9 + 13?
22
In base 4, what is 1033 - 31?
1002
In base 3, what is 1121 + -201?
220
In base 16, what is 2 + -95?
-93
In base 14, what is -7c - -a?
-72
In base 8, what is -4 - -1766?
1762
In base 12, what is -5 - -224?
21b
In base 8, what is -4534 + 4?
-4530
In base 6, what is -4 + -151?
-155
In base 4, what is 2200 + 102?
2302
In base 11, what is -116 + 3?
-113
In base 6, what is 3 - 3420?
-3413
In base 6, what is 545 - -344?
1333
In base 4, what is -3 - -11203?
11200
In base 8, what is -31 - -345?
314
In base 3, what is 12112122 + 2?
12112201
In base 6, what is 1400 - 11?
1345
In base 2, what is -1000001 - 111001?
-1111010
In base 16, what is -1 + -3?
-4
In base 16, what is -5 - 1f6?
-1fb
In base 2, what is 10 + 101011?
101101
In base 16, what is 66 - -6?
6c
In base 4, what is -11001 - 2?
-11003
In base 16, what is -a - -b?
1
In base 6, what is 13 + 5115?
5132
In base 9, what is 3 - 3417?
-3414
In base 7, what is 24 - 26?
-2
In base 5, what is 10 - -220?
230
In base 11, what is -3 - -885?
882
In base 3, what is -1012120 + -11?
-1012201
In base 6, what is -10 - -144?
134
In base 8, what is 107 - 1?
106
In base 8, what is -5 + 4773?
4766
In base 13, what is -11 - 39b?
-3ac
In base 5, what is -31131 + 0?
-31131
In base 13, what is 0 - 55?
-55
In base 12, what is 362 - 2?
360
In base 8, what is -4 - -11?
5
In base 12, what is 156a - -2?
1570
In base 3, what is -12 - 22202212?
-22210001
In base 6, what is -2051 + 3?
-2044
In base 12, what is 3 - -9?
10
In base 15, what is -388 + -7?
-390
In base 5, what is 4 + 334?
343
In base 14, what is -2 + -d?
-11
In base 5, what is 3 - 132111?
-132103
In base 12, what is -4 - -37?
33
In base 11, what is 130 + 1?
131
In base 7, what is 132 - -4?
136
In base 15, what is -2 + 7c?
7a
In base 14, what is a1 + 0?
a1
In base 2, what is -100 - -111010111?
111010011
In base 8, what is 7350 - 0?
7350
In base 16, what is 7 + -a?
-3
In base 7, what is -30 - -16?
-11
In base 15, what is -ce - -4?
-ca
In base 13, what is -1 + 2437?
2436
In base 7, what is 6622 + 4?
6626
In base 14, what is -6717 - -4?
-6713
In base 3, what is -20001 - 0?
-20001
In base 2, what is -1101000110 - 100?
-1101001010
In base 8, what is -65 - 760?
-1045
In base 12, what is -27 - 109?
-134
In base 13, what is -18 - -2b?
13
In base 11, what is 1 - -679?
67a
In base 10, what is 0 - -24?
24
In base 14, what is c - a7?
-99
In base 10, what is -255 - -2?
-253
In base 13, what is -4 - -535?
531
In base 6, what is -245 + -13?
-302
In base 8, what is 4510 + 4?
4514
In base 15, what is 12b - 8?
123
In base 12, what is -4 - -6a?
66
In base 6, what is 101 - 4?
53
In base 14, what is 1 - 14?
-13
In base 9, what is 2565 + 3?
2568
In base 8, what is -2 - -602?
600
In base 3, what is 20211 - 0?
20211
In base 14, what is -35b + -4?
-361
In base 11, what is 14 - -1?
15
In base 9, what is 56144 - 0?
56144
In base 2, what is 0 + 1100111?
1100111
In base 15, what is -10d + 0?
-10d
In base 16, what is -3 + 433?
430
In base 10, what is -79 - -50?
-29
In base 11, what is 216 + -3?
213
In base 6, what is 5 - 101140?
-101131
In base 11, what is 1837 + -1?
1836
In base 4, what is 2 + 1332?
2000
In base 5, what is -3 - 131010?
-131013
In base 11, what is 671 + -5?
667
In base 11, what is 3 - -55?
58
In base 6, what is 5 - 1114?
-1105
In base 4, what is -1023 + 11?
-1012
In base 9, what is -2 - 352?
-354
In base 8, what is -552 + 7?
-543
In base 12, what is 5a - 5?
55
In base 8, what is -5 + -1632?
-1637
In base 4, what is 1002 - -11?
1013
In base 5, what is 3 + -12?
-4
In base 6, what is 213 + -3?
210
In base 10, what is 766 - 1?
765
In base 5, what is 132121 - -3?
132124
In base 15, what is -14 + -1e?
-33
In base 7, what is -542 - -4?
-535
In base 16, what is 3 + -15?
-12
In base 6, what is 41 - 212?
-131
In base 5, what is -41 - -230?
134
In base 10, what is -175 - -7?
-168
In base 11, what is 0 + -271?
-271
In base 4, what is -3 - 1122?
-1131
In base 8, what is -3 - -10746?
10743
In base 12, what is -1 - -10a3?
10a2
In base 5, what is -104 - -12?
-42
In base 6, what is 1334 - -110?
1444
In base 8, what is -2 - 222?
-224
In base 13, what is 4 + 7b?
82
In base 9, what is -320 - 5?
-325
In base 12, what is -163 - -3?
-160
In base 13, what is -3 + 1b33?
1b30
In base 9, what is 148 - -3?
152
In base 15, what is -7 - 4?
-b
In base 12, what is 5807 + 0?
5807
In base 8, what is 10 + 2005?
2015
In base 3, what is -1020010 - -12?
-1012221
In base 15, what is -3 - 0?
-3
In base 6, what is 1130 + -2?
1124
In base 10, what is 39 + -28?
11
In base 6, what is 145532 - -1?
145533
In base 4, what is -11 - -1012?
1001
In base 12, what is 1 + -2a21?
-2a20
In base 16, what is 2 - -1c?
1e
In base 8, what is 66 + -5?
61
In base 8, what is 4 - -121?
125
In base 4, what is 3 + 23221?
23230
In base 5, what is 104 - -414?
1023
In base 14, what is -3 + 39?
36
In base 16, what is -2 + b9c?
b9a
In base 6, what is 101 + 35?
140
In base 7, what is 116 - -142?
261
In base 15, what is 75 + -34?
41
In base 15, what is 1 + -2?
-1
In base 11, what is 28 - 126?
-a9
In base 10, what is -5 + 32?
27
In base 12, what is -34 - 5?
-39
In base 12, what is -4 - -19?
15
In base 7, what is -150 + 2?
-145
In base 9, what is -1 - 157?
-158
In base 8, what is -574 + 1?
-573
In base 15, what is 4b6 - d?
4a8
In base 2, what is -1100 + -10111011?
-11000111
In base 5, what is -2123 + 33?
-2040
In base 2, what is 100 - 1001100011?
-1001011111
In base 13, what is -3 + -250?
-253
In base 2, what is 101111 - 1000?
100111
In base 10, what is 5 - 1294?
-1289
In base 10, what is -2 - 316?
-318
In base 4, what is 2002 - 10?
1332
In base 5, what is -1000341 - 10?
-1000401
In base 5, what is -43 + -10?
-103
In base 2, what is -1 + -1000110?
-1000111
In base 11, what is 3 - 93?
-90
In base 12, what is 334 + -3?
331
In base 10, what is -45 - 28?
-73
In base 13, what is -1c - 222?
-241
In base 4, what is -13 + 2211?
2132
In base 9, what is 4 + 238?
243
In base 8, what is -561 - 5?
-566
In base 10, what is 5 + -29?
-24
In base 8, what is 3503 - -1?
3504
In base 16, what is 4 - -14?
18
In base 6, what is 132330 - 3?
132323
In base 14, what is 37 + 112?
149
In base 5, what is 10344 - -4?
10403
In base 4, what is 133 - 21?
112
In base 8, what is 6 + 204?
212
In base 4, what is -1 - 12332?
-12333
In base 10, what is -24 + 0?
-24
In base 5, what is 2 - 210?
-203
In base 3, what is 1100 - 1112?
-12
In base 14, what is a - -b9?
c5
In base 3, what is 10220 + 1020?
12010
In base 3, what is 2122000 - -1?
2122001
In base 8, what is 20 + 3?
23
In base 15, what is 4 + de2?
de6
In base 12, what is 91 - -2?
93
In base 4, what is -102 - 